et l = r - k. What are the prime factors of l?
29
Suppose 4*g + 0*g - 4*k - 20 = 0, 2*k - 10 = -3*g. Suppose 4*i - 558 = g*l - 3*l, -4*i - 2*l + 564 = 0. What are the prime factors of i?
2, 5, 7
Let g(w) = -w**3 + 5*w**2 - 4*w + 1. Let d be g(2). Suppose 3*z + f = 245, -2*z - 2*z - d*f + 334 = 0. What are the prime factors of z?
3
Let g = 15 + -10. Suppose 3*c = -0*c - 2*n + 13, g*c = -4*n + 25. Suppose -u = -18 + c. List the prime factors of u.
17
Let x = -1710 - -2541. List the prime factors of x.
3, 277
Suppose -5*h + 18 = 2*l, 0 = l + 2*h - h - 9. Suppose -l = -s + 8. Let q = s + -14. What are the prime factors of q?
3
Let x(w) = w**3 + 12*w**2 + 11*w + 9. Let i be x(-8). Let j = i + -94. List the prime factors of j.
83
Let h(j) = 2*j**2 - 25*j + 27. Let z be (-101)/(-6) + 17/102. List the prime factors of h(z).
2, 3, 5
Suppose 3696 = -2*v + 10*v. What are the prime factors of v?
2, 3, 7, 11
Suppose k = 5*n - 42, -5*k - 50 = 2*n - 7*n. Suppose 3*q + 426 = -2*g, -842 = 3*g + g + q. What are the prime factors of (g/(-56))/(3/n)?
2, 5
Suppose 2*v - 14 = -p, p - 5*v + 6 = -3*v. Suppose -5*a = 5, 3*u - 321 = -p*a + 17. What are the prime factors of u?
2, 3, 19
Let f(j) = j**3 + 8*j**2 - 14*j - 3. List the prime factors of f(-7).
2, 3
Let y be (7/(-6) + (-9)/(-54))*0. Suppose 5*v - 3*v - 36 = y. What are the prime factors of v?
2, 3
Suppose 260 = 8*k - 76. What are the prime factors of k?
2, 3, 7
Let a(q) = 19*q**2 - q + 7. Let c(d) = -10*d**2 + d - 3. Let p(t) = -2*a(t) - 5*c(t). What are the prime factors of p(-3)?
2, 59
Let c(a) = 2*a**2 - 9*a - 17. Let d be c(-7). Suppose d = 9*r - 6*r. List the prime factors of r.
2, 3
Let q(b) = b**3 - 27*b**2 - 10*b - 77. What are the prime factors of q(28)?
7, 61
Let s(c) = c**3 - 13*c**2 + 11*c. List the prime factors of s(15).
3, 5, 41
What are the prime factors of (-5 + 6)/((-1)/(-935))?
5, 11, 17
Let j = -117 + 115. Let h = j + 52. What are the prime factors of h?
2, 5
Let f(x) = -2*x - 12. Let h = -13 + 8. Let b be f(h). List the prime factors of (-198)/(-4)*b/(-3).
3, 11
What are the prime factors of 392 + 1 + (-2 - 4)?
3, 43
Suppose -3*j = -69 + 6. Suppose -j = -9*w + 8*w. What are the prime factors of w?
3, 7
Suppose 0 = -h - 4*f + 270, 0 = -h + 3*h - 5*f - 527. Suppose 0 = 40*q - 42*q + h. List the prime factors of q.
7, 19
Suppose -5*m = 27*m - 185440. What are the prime factors of m?
5, 19, 61
What are the prime factors of 2048 + 4 + 1 + 1 + -1?
2053
Let z(d) = 3 - 7 - 7 + d**2. List the prime factors of z(-6).
5
What are the prime factors of 9566/16 + (-5)/(-40)?
2, 13, 23
Let v = -5 + 6. Let x(t) = -131*t - 1. Let d be x(v). What are the prime factors of 15/6*d/(-10)?
3, 11
Let i be ((-6)/5)/(12/(-40)). Suppose 1 = -2*c + 3, -i*u - 1201 = -5*c. What are the prime factors of 2/7 + u/(-7)?
43
Suppose 0 = -40*n + 45*n - 3810. List the prime factors of n.
2, 3, 127
Suppose -2*b - 2925 = -11*b. What are the prime factors of b?
5, 13
What are the prime factors of 35/((-28)/4) + 3517?
2, 439
Let z(j) = -j**3 - 10*j**2 - 6*j + 6. Let b be 20/(-70) - 68/7. List the prime factors of z(b).
2, 3, 11
Suppose -2*h - 4*q + 32 = -3*q, -3*q - 66 = -3*h. Suppose 0 = -x + 5*x + 496. What are the prime factors of (-6)/h + x/(-3)?
41
Let i = 11 - 5. Let y(r) = -r + 11. Let v be y(i). Suppose 0 = v*x - 10, z + 2*x - 21 = x. What are the prime factors of z?
19
Let n be ((-12)/(-30))/((-1)/(-10)). Suppose -5*l + 72 = n*t, -5*l - 5*t = -l - 54. What are the prime factors of (-1)/((-17)/l + 1)?
2
Suppose i = 5*z - 69, 0 = -z + i - 0*i + 17. Suppose 149 = 2*t - z. Suppose -3*g - a = -t, 0 = 2*g + 6*a - a - 54. List the prime factors of g.
3
Let m(u) be the second derivative of 3*u**5 + u**4/12 + u**3/6 - u**2 - 12*u. List the prime factors of m(1).
2, 3, 5
Let i(l) = -4*l + 131. Let g(c) = -3*c - 15. Let x be g(-5). What are the prime factors of i(x)?
131
Suppose 3*v - 8 = -3*t - 2, -5*t = -2*v - 24. What are the prime factors of t*2/32 + 439/4?
2, 5, 11
Let l = -436 - -691. What are the prime factors of l?
3, 5, 17
Let g = -1704 + 2505. What are the prime factors of g?
3, 89
Let q be (4 - 13)*(1 + -4). List the prime factors of (-12)/(-54) - ((-4395)/q - 3).
2, 83
List the prime factors of (-13)/(52/(-1712)) + -5.
3, 47
Suppose -9*g - g = -8*g. Let t be -1*3*4/(-3). Let h = g + t. What are the prime factors of h?
2
Suppose 5 = 3*j - 1. Suppose 6*b - j*b = d - 32, -3*d = -b - 129. Let m = d - 23. List the prime factors of m.
3, 7
Let u be 2/4 - 1/2. Suppose 0*h + h - 3 = u. Suppose 70 = 5*j - h*w, -2*w - 2*w - 64 = -4*j. What are the prime factors of j?
11
Suppose -4*t - 9 - 15 = 0. Let u be t/(-4)*(5 - 3). Suppose 5*n - 2*j - 67 = 0, u*n - 35 = -5*j + j. What are the prime factors of n?
13
Let h = 11 - 11. Let m = 10 + -7. Suppose m = n - h. What are the prime factors of n?
3
List the prime factors of ((-12)/(-5))/((-798)/400 + 2).
2, 3, 5
What are the prime factors of 8/(-6)*57663/(-86)?
2, 3, 149
List the prime factors of (-30982)/(-11) + 36/(-66).
2, 11
Let m(g) = g**2 + 10*g - 17. Let r = -10 - 3. Let j be m(r). Let q = -4 + j. What are the prime factors of q?
2, 3
Suppose 4*v - 990 = -v. Let n be v*(0 - -1)/2. Suppose 4*z - 30 = -2*j, 5*j - 4*z - n = -2*z. What are the prime factors of j?
19
Suppose t + 3 + 4 = -2*i, 3*i = -2*t - 13. Let o = i - -28. List the prime factors of o.
3
Suppose -4 = 3*g + 2. What are the prime factors of -20*((-92)/16 - g)?
3, 5
Let y(s) = 28*s**2 + s + 2. Let f be 32/(-24)*(-3)/2. Let o be y(f). Suppose -2*w = v - 62, -v = v - 4*w - o. List the prime factors of v.
2, 3, 5
Suppose -2*s = y - 3*s - 2555, 5*y = -5*s + 12725. List the prime factors of y.
2, 3, 5, 17
What are the prime factors of 2755 - (-14 - (10 - 21))?
2, 7, 197
Suppose 815*g - 804*g = 44484. What are the prime factors of g?
2, 3, 337
Let v = -24 + 28. Let s(n) = n - 8*n - 26 + n**2 - 5 - v*n. What are the prime factors of s(14)?
11
Let f(a) be the third derivative of -a**4/8 + 9*a**3 - 3*a**2. List the prime factors of f(0).
2, 3
Suppose -19*l = -13148 - 26885. What are the prime factors of l?
7, 43
Suppose -3*p - 2*p = -4*r, p - r = 0. Suppose q + 3 + 1 = p, -2*q = 4*x - 44. Suppose -75 = x*a - 16*a. What are the prime factors of a?
5
Suppose -3*m + 5*w + 20 = -4*m, -2*w = 2*m. Suppose 0*j = -z - 4*j + 19, 5*z + m*j = 80. List the prime factors of z.
3, 5
Let r = 663 + -258. What are the prime factors of r?
3, 5
Let a(y) = 3*y**2 - 31*y - 14. What are the prime factors of a(-11)?
2, 3, 5, 23
Let j be (27/3 - 4) + 0. Let p(l) = l**2 + 4*l - 1. Let s be p(j). Suppose o + 1 = s. List the prime factors of o.
43
Let v = 46 + -28. List the prime factors of (-2)/(-6) + 1218/v.
2, 17
Let s(v) = -9*v - 4 - 13*v + 3*v. List the prime factors of s(-2).
2, 17
Let w(f) = -f**2 - 1 + 8*f - 2 - 2. List the prime factors of w(4).
11
Let s be 210/21 - (-4 + 1). Let c(w) = -w**3 + 15*w**2 - 21*w + 6. What are the prime factors of c(s)?
71
Let p = 23 + -3. Suppose 8*g - p = 3*g. Suppose -q - g*q = -320. List the prime factors of q.
2
Let o(j) = 4 - 16 - 9*j + 1. What are the prime factors of o(-13)?
2, 53
Suppose 0 = -5*a + q + 15, 5*q = -2*a - 2*a + 41. Let n be (-258)/a + (-3)/(-6). Let r = -34 - n. List the prime factors of r.
2, 3, 5
Let b = 1323 - 922. What are the prime factors of b?
401
Let i = 7 + -2. Suppose -69 = -i*t + 106. List the prime factors of t.
5, 7
Suppose -4*a + 1356 = 4*b, 5*a - b - 1701 = -4*b. What are the prime factors of a?
2, 3, 19
What are the prime factors of 5310/10*(-5)/(30/(-4))?
2, 3, 59
Suppose 6*o + 10*o - 34560 = 0. Suppose -39*w - o = -48*w. What are the prime factors of w?
2, 3, 5
Suppose 18*w = 12*w + 12. List the prime factors of 1/w - (-1353)/6.
2, 113
Let o(d) = 42*d**3 - 2*d**2 - 7*d + 2. List the prime factors of o(2).
2, 79
Let d(y) = 2*y**2 - y - 6. Suppose z = -3 - 3. List the prime factors of d(z).
2, 3
Let q = 1082 + -482. Suppose q = 4*j + 56. List the prime factors of j.
2, 17
Suppose -z + 238 = 5*q - 872, -q = -4*z + 4377. Suppose -11*j + 6*j = -z. What are the prime factors of j?
3, 73
Let f(j) = 12*j**2 - 6*j + 128. What are the prime factors of f(8)?
2, 53
Suppose -6*l + 19 = 1. Suppose l*a - 625 = 3*t - 4*t, -3*t = -4*a + 855. What are the prime factors of a?
2, 3, 5, 7
Let g